{"id":19117,"date":"2021-11-23T20:43:20","date_gmt":"2021-11-23T18:43:20","guid":{"rendered":"https:\/\/quercusjardiners.com\/portfolio\/tarima-composite\/"},"modified":"2022-05-11T23:00:13","modified_gmt":"2022-05-11T21:00:13","slug":"tarima-composite","status":"publish","type":"jetpack-portfolio","link":"https:\/\/quercusjardiners.com\/ca\/portfolio\/tarima-composite\/","title":{"rendered":"Tarima Composite"},"content":{"rendered":"<div class=\"vgblk-rw-wrapper limit-wrapper\">\n\n\t<h4>Instal\u00b7lem la tarima Composite per anivellar tota la terrassa, tamb\u00e9 muntem un panell dutxa de tarima sint\u00e8tica i una p\u00e8rgola amb tendal corredor<\/h4>\n\t<meta itemprop=\"url\" content=\"https:\/\/quercusjardiners.com\/wp-content\/uploads\/2021\/11\/TarimaCompositeVideo.mp4\" \/><div style=\"width: 640px;\" class=\"wp-video\"><video muted class=\"wp-video-shortcode\" id=\"video-19117-1\" width=\"640\" height=\"360\" loop autoplay preload=\"metadata\" controls=\"controls\"><source type=\"video\/mp4\" src=\"https:\/\/quercusjardiners.com\/wp-content\/uploads\/2021\/11\/TarimaCompositeVideo.mp4?_=1\" \/><a href=\"https:\/\/quercusjardiners.com\/wp-content\/uploads\/2021\/11\/TarimaCompositeVideo.mp4\">https:\/\/quercusjardiners.com\/wp-content\/uploads\/2021\/11\/TarimaCompositeVideo.mp4<\/a><\/video><\/div>\n<h2>\n\tQu\u00e8 vam fer\n\t<\/h2>\n\t<p>A aquest projecte arribem recomanats per un dels nostres clients. A la visita, el client ens indica que tenen problemes d&#8217;humitats al pis de baix, volen anivellar tota la terrassa i donar-li un aspecte m\u00e9s modern i aconseguir una terrassa molt m\u00e9s funcional. <\/p>\n<p>Realitzem una impermeabilitzaci\u00f3 de tota la superf\u00edcie, instal\u00b7lem la tarima i constru\u00efm una dutxa amb el mateix acabat de la tarima. Posteriorment instal\u00b7lem una p\u00e8rgola met\u00e0l\u00b7lica per protegir la taula del sol o la pluja. Posteriormente instalamos una p\u00e9rgola met\u00e1lica para resguardar la mesa del sol o la lluvia. <\/p>\n<h3>\n\tMaterials\n\t<\/h3>\n\t<p>Tarima tecnol\u00f2gica<\/p>\n<p>Rastrell de pi cuperitzat<\/p>\n<p>Cargols inox<\/p>\n<p>Aixetes negre mat<\/p>\n<p>P\u00e8rgola d&#8217;alumini en negre mat<\/p>\n<h3>\n\t\t\t<a href=\"https:\/\/quercusjardiners.com\/servicios\/\" title=\"Serveis\" target=\"_self\" rel=\"noopener\">\n\tServeis\n\t\t\t<\/a>\n\t<\/h3>\n\n<\/div><!-- .vgblk-rw-wrapper -->","protected":false},"excerpt":{"rendered":"<p>Instal\u00b7lem la tarima Composite per anivellar tota la terrassa, tamb\u00e9 muntem un panell dutxa de tarima sint\u00e8tica i una p\u00e8rgola amb tendal corredor<\/p>\n","protected":false},"author":2,"featured_media":18972,"comment_status":"closed","ping_status":"closed","template":"","format":"standard","meta":{"inline_featured_image":false,"_monsterinsights_skip_tracking":false,"_monsterinsights_sitenote_active":false,"_monsterinsights_sitenote_note":"","_monsterinsights_sitenote_category":0,"footnotes":""},"jetpack-portfolio-type":[514],"jetpack-portfolio-tag":[],"class_list":["post-19117","jetpack-portfolio","type-jetpack-portfolio","status-publish","format-standard","has-post-thumbnail","hentry","jetpack-portfolio-type-tarimes"],"aioseo_notices":[],"jetpack_sharing_enabled":true,"_links":{"self":[{"href":"https:\/\/quercusjardiners.com\/ca\/wp-json\/wp\/v2\/jetpack-portfolio\/19117","targetHints":{"allow":["GET"]}}],"collection":[{"href":"https:\/\/quercusjardiners.com\/ca\/wp-json\/wp\/v2\/jetpack-portfolio"}],"about":[{"href":"https:\/\/quercusjardiners.com\/ca\/wp-json\/wp\/v2\/types\/jetpack-portfolio"}],"author":[{"embeddable":true,"href":"https:\/\/quercusjardiners.com\/ca\/wp-json\/wp\/v2\/users\/2"}],"replies":[{"embeddable":true,"href":"https:\/\/quercusjardiners.com\/ca\/wp-json\/wp\/v2\/comments?post=19117"}],"version-history":[{"count":0,"href":"https:\/\/quercusjardiners.com\/ca\/wp-json\/wp\/v2\/jetpack-portfolio\/19117\/revisions"}],"wp:featuredmedia":[{"embeddable":true,"href":"https:\/\/quercusjardiners.com\/ca\/wp-json\/wp\/v2\/media\/18972"}],"wp:attachment":[{"href":"https:\/\/quercusjardiners.com\/ca\/wp-json\/wp\/v2\/media?parent=19117"}],"wp:term":[{"taxonomy":"jetpack-portfolio-type","embeddable":true,"href":"https:\/\/quercusjardiners.com\/ca\/wp-json\/wp\/v2\/jetpack-portfolio-type?post=19117"},{"taxonomy":"jetpack-portfolio-tag","embeddable":true,"href":"https:\/\/quercusjardiners.com\/ca\/wp-json\/wp\/v2\/jetpack-portfolio-tag?post=19117"}],"curies":[{"name":"wp","href":"https:\/\/api.w.org\/{rel}","templated":true}]}}

<div class="vgblk-rw-wrapper limit-wrapper">

	<h4>Instal·lem la tarima Composite per anivellar tota la terrassa, també muntem un panell dutxa de tarima sintètica i una pèrgola amb tendal corredor</h4>
	<meta itemprop="url" content="https://quercusjardiners.com/wp-content/uploads/2021/11/TarimaCompositeVideo.mp4" /><div style="width: 640px;" class="wp-video"><video muted class="wp-video-shortcode" id="video-19117-1" width="640" height="360" loop autoplay preload="metadata" controls="controls"><source type="video/mp4" src="https://quercusjardiners.com/wp-content/uploads/2021/11/TarimaCompositeVideo.mp4?_=1" /><a href="https://quercusjardiners.com/wp-content/uploads/2021/11/TarimaCompositeVideo.mp4">https://quercusjardiners.com/wp-content/uploads/2021/11/TarimaCompositeVideo.mp4</a></video></div>
<h2>
	Què vam fer
	</h2>
	<p>A aquest projecte arribem recomanats per un dels nostres clients. A la visita, el client ens indica que tenen problemes d&#8217;humitats al pis de baix, volen anivellar tota la terrassa i donar-li un aspecte més modern i aconseguir una terrassa molt més funcional. </p>
<p>Realitzem una impermeabilització de tota la superfície, instal·lem la tarima i construïm una dutxa amb el mateix acabat de la tarima. Posteriorment instal·lem una pèrgola metàl·lica per protegir la taula del sol o la pluja. Posteriormente instalamos una pérgola metálica para resguardar la mesa del sol o la lluvia. </p>
<h3>
	Materials
	</h3>
	<p>Tarima tecnològica</p>
<p>Rastrell de pi cuperitzat</p>
<p>Cargols inox</p>
<p>Aixetes negre mat</p>
<p>Pèrgola d&#8217;alumini en negre mat</p>
<h3>
			<a href="https://quercusjardiners.com/servicios/" title="Serveis" target="_self" rel="noopener">
	Serveis
			</a>
	</h3>

</div><!-- .vgblk-rw-wrapper -->

<p>Instal·lem la tarima Composite per anivellar tota la terrassa, també muntem un panell dutxa de tarima sintètica i una pèrgola amb tendal corredor</p>
